
Suppose -25 = 5*l, -4*r + 48 = -5*l - 33. Let f = -20 - -29. Let k(b) = 2*b + 21. What is the remainder when k(f) is divided by r?
11
Suppose 8 = 4*d, 3*y - 4*d + 262 = 5*y. Calculate the remainder when y is divided by 65.
62
Let g(x) = -x + 3. Let k(y) = -y + 3. Let q(d) = 7*g(d) - 6*k(d). Calculate the remainder when 205 is divided by q(-10).
10
Calculate the remainder when 145/15*3*4 is divided by 17.
14
Let g(t) = t**2 - t - 72. Calculate the remainder when 162 is divided by g(13).
78
Let n be ((2 + -8)*-19)/1. Let p = n + -69. Calculate the remainder when p is divided by 12.
9
Suppose n = -4*k - 241, -3*k - 236 = k - 4*n. Let l = 107 + k. What is the remainder when l is divided by 12?
11
Let z = -107 + 103. What is the remainder when 28 is divided by (-6)/(-1) - 1*z?
8
Let q = 52 - 15. Let p = q + 3. Calculate the remainder when p is divided by 21.
19
Suppose -22*h + 124 = -272. What is the remainder when 112 is divided by h?
4
Suppose 26*w + 6 = 29*w. Suppose -3*x + w*r + 3 = -0*r, 4*r = -3*x + 21. Let v = 0 + 3. What is the remainder when v is divided by x?
0
Suppose -34 = 3*p - 5*p. Let s(t) = -9*t - 14. Let q be s(-12). Let w = 158 - q. Calculate the remainder when w is divided by p.
13
Let l = 220 + -35. Calculate the remainder when l is divided by 31.
30
Let v(a) = 2*a**3 + 40*a**2 - 9*a + 28. Calculate the remainder when v(-20) is divided by 11.
10
Let o(r) = -r**3 + 8*r**2 - 6*r - 2. Let a(m) = m**2 - 10*m + 6. Let t be a(10). Let u(v) = 2*v - 3. What is the remainder when o(6) is divided by u(t)?
7
Suppose 0 = -4*a - a + 15. Suppose -2*r + a*r = -7. Calculate the remainder when 70 is divided by (36/(-14) - 0)*r.
16
Suppose 3*x + 5*b = 108, 6*x + 167 = 11*x + 4*b. What is the remainder when 459 is divided by x?
25
Suppose -21*w + 1102 = 178. What is the remainder when 305 is divided by w?
41
Suppose 0 = 11*x - 784 + 201. Calculate the remainder when x is divided by 4.
1
Let m(w) = 17*w + 59. Calculate the remainder when (1 - 77)/(-6 + 4) is divided by m(-3).
6
Let i(v) = 7 + 0 - v - 2. Let q be i(10). Let n(u) = -7*u - 3. What is the remainder when n(q) is divided by 11?
10
Let b(r) be the second derivative of 0 + 1/3*r**3 + 1/12*r**4 - 9*r - 7/2*r**2. What is the remainder when 31 is divided by b(-5)?
7
What is the remainder when 10/((-40)/(-492)) - -1 is divided by 32?
28
Let g be ((-189)/(-3))/(6*(-2)/(-8)). Let p = g - 7. What is the remainder when p is divided by 12?
11
Calculate the remainder when (-10)/(-6) + (-726)/(-18) is divided by 12.
6
Suppose -g = -w + 151, g - 15 = -4*g. What is the remainder when w is divided by 12?
10
Let j(t) = t**3 - 5*t**2 + 3*t + 6. Let v be j(4). Suppose -8 - v = -5*k. What is the remainder when 6 is divided by k?
0
Let r(w) = -8*w + 183. What is the remainder when 108 is divided by r(19)?
15
Let u = -96 - -325. What is the remainder when u is divided by 29?
26
Let x be (-1)/(0 + (-2)/(-86)). Let z = -29 - x. Let g(d) = -d**3 + 6*d**2 + 8*d + 1. Calculate the remainder when z is divided by g(7).
6
Suppose 4*o - 3*o + 971 = 4*y, 3*y - 726 = 3*o. Calculate the remainder when y is divided by 49.
47
Suppose -394 - 474 = -5*n - 4*z, z + 3 = 0. Calculate the remainder when n is divided by 36.
32
Let r(p) = 79*p - 351. What is the remainder when 216 is divided by r(5)?
40
Suppose -3*s + 93 + 18 = 0. Let r = 11063 + -11049. Calculate the remainder when s is divided by r.
9
Let d(l) = l**2 - 37*l - 63. Let g(k) = -18*k**3 - 2*k**2 - 2. Calculate the remainder when g(-2) is divided by d(39).
14
Let b be 4 + (2 - -3) + -4. Suppose 150 = b*q - 140. What is the remainder when q is divided by 20?
18
Let v(u) = u**3 + u**2 + 4*u - 3. What is the remainder when 276 is divided by v(4)?
90
Let x = 46 + -33. Suppose -3*v = v - 16. Let s(p) = 3*p**2 - 2*p + 9. Calculate the remainder when s(v) is divided by x.
10
Let m be ((-3)/2)/(1/(-2)). Let h(p) = 11 - 11 + 6*p**2 + p + m*p. What is the remainder when h(-3) is divided by 11?
9
Let b = -6 - -10. Suppose 20*o - 4*z - 20 = 19*o, -z - 43 = -5*o. Calculate the remainder when (-3)/6 - (-58)/b is divided by o.
6
Let d(x) = x**2 - 6. What is the remainder when (-3 - (194 + -2))/(5/((-20)/6)) is divided by d(5)?
16
Suppose 5*v + 0 = -5. Calculate the remainder when (v + 0/3)/((-1)/55) is divided by 12.
7
Suppose -3*p = -2*p + 6. Let u be ((-3)/(-3))/((-3)/p). Suppose 3*j + 5*i = 147, -u*j + 2*i = j - 168. Calculate the remainder when j is divided by 19.
16
Let s be ((-34)/85)/(2/(-30)). Let w = -2 + s. Suppose -k + 49 = -w*x, -3*x + 0 = 15. What is the remainder when k is divided by 11?
7
Calculate the remainder when ((-276)/(-24) - 11)/(2/28) is divided by 2.
1
Let s be 5/((-5)/28) - -4. Let v = s - -85. What is the remainder when v is divided by 16?
13
Let l(p) = -p**2 - 12*p - 2. Let s be l(-12). Let k be (-48)/(8/s) - 3. Let x(r) = -2*r + 28. Calculate the remainder when 38 is divided by x(k).
8
Suppose -29 = -3*m + 52. Let b be 90/m*24/(-10). Let z(n) = -n**2 - 12*n - 16. What is the remainder when 60 is divided by z(b)?
12
Let b = -21 - -16. Let i be b/(4 + 12/(-4)). Calculate the remainder when 1 is divided by (i/15)/((-3)/9).
0
Let x(m) = m**3 - 10*m**2 + 9*m - 8. Let t be x(9). Let f = 8 + t. Suppose 4*d - 12 = 0, -5*s + d + 0*d + 32 = f. What is the remainder when 19 is divided by s?
5
Suppose 5*h = 4*c - 55, 4*c = -5*h + 4*h + 61. What is the remainder when c is divided by 6?
3
Suppose 0*x + 44 = 4*x. What is the remainder when (-162)/(-1215) + ((-2144)/30)/(-4) is divided by x?
7
Let h = 5 + -8. Let z(w) = -w**2 - 3*w + 2. Let x be z(h). Suppose -5*q + i = -107, -4*q - x*i + i = -91. What is the remainder when 41 is divided by q?
19
Let v be (-58)/(-5) + (-15)/25. Let a(t) = t + 9. Let b be a(v). What is the remainder when (8/b)/((-1)/(-145)) is divided by 12?
10
Suppose -5*s - 58 = -143. What is the remainder when s is divided by 9?
8
Let o(v) = -v**3 - 2*v**2 + 5*v + 9. Let s(f) = f**2 - 2*f - 3. Let j be s(-2). Suppose -j*p + 8 + 32 = 0. What is the remainder when o(-4) is divided by p?
5
Let x be 36 - (-5 - (-6)/3). Suppose -3*c = 30 - x. What is the remainder when 0 + 4 - (-375)/c is divided by 33?
30
Let z be 2/((4/(-802))/(-1)). Suppose 0 = 4*t - n - n - 326, 0 = 5*t + 4*n - z. What is the remainder when t is divided by 28?
25
Let l be (4 - 10)*(-3)/3. Suppose -l*o + o = -100. What is the remainder when 74 is divided by o?
14
Let d(g) = -g**3 + 13*g**2 - 14*g - 11. Suppose -7*i = -8*i + 11. Calculate the remainder when d(i) is divided by (-1 - (1 - 2)) + 20.
17
Suppose v - 4*v - g = -10, g + 5 = 2*v. Calculate the remainder when 25/3 - (-1)/(-3) is divided by v.
2
Let o be (-1 - (-1 + 1))*13. Let j = o - -17. Suppose 10 = j*r - 10. Calculate the remainder when r is divided by 2.
1
Let p = 1 - -5. Suppose -79*o - 14 = -81*o. Calculate the remainder when o is divided by p.
1
Let h(b) = b**2 + 10*b + 13. Suppose r = -3*r + 96. What is the remainder when h(-14) is divided by r?
21
Let m be 6/(-4)*16/(-6). Suppose m*s - 7 = 5. Calculate the remainder when s is divided by 1.
0
Let m be 3/(-2)*40/(-15). Suppose m*t = -2*w + 10, -2*w + 2*t + 7 = -15. What is the remainder when w is divided by 6?
3
Let m = 11 + -7. What is the remainder when 23 is divided by m + 3 + (-1 - -2)?
7
Let x = -10 - -14. Suppose 59 + 1551 = 7*k. Suppose 5*v - 5*o = k, -x*v + 2*o + 17 = -163. What is the remainder when v is divided by 15?
14
Let r(i) = -4*i**2 - 11*i**2 + 11*i - 24*i**3 + 23*i**3 + 37. Calculate the remainder when r(-16) is divided by 10.
7
Let x(y) = -y**3 + 8*y**2 - 5*y + 2. Let n(j) = -9*j - 39. Calculate the remainder when x(6) is divided by n(-6).
14
Let n(q) = -q**3 - 8*q**2 - 4*q - 8. Let z be n(-7). Let y = -24 - z. Calculate the remainder when 8 is divided by y.
3
Suppose 23 = -4*u + 19. Let o = 30 + -14. What is the remainder when 1 + (5 - 4) - (u - 26) is divided by o?
13
Let z(p) = -p**3 - p**2 - 6*p + 3. Let w be z(-3). What is the remainder when 37 is divided by (28/12 - 3)*w/(-2)?
11
Let a(u) = 2*u**2 + 3*u - 12. What is the remainder when a(-17) is divided by 133?
116
What is the remainder when 112 is divided by 16 + ((-15)/10)/((-2)/4)?
17
Let u(s) = 15*s + 32. Calculate the remainder when u(6) is divided by 8.
2
Let j = -118 + 40. Let y = -2